{"id":5545,"date":"2024-03-17T11:14:22","date_gmt":"2024-03-17T10:14:22","guid":{"rendered":"https:\/\/www.loricon.tirol\/?page_id=5545"},"modified":"2026-01-05T21:10:37","modified_gmt":"2026-01-05T20:10:37","slug":"home","status":"publish","type":"page","link":"https:\/\/www.loricon.tirol\/","title":{"rendered":"LoriCon \u3078\u3088\u3046\u3053\u305d! Willkommen bei der LoriCon!"},"content":{"rendered":"\n<p id=\"was\">Liebe LoriCon-Familie,<br>schweren Herzens m\u00fcssen wir euch mitteilen, dass die LoriCon 2026 aus organisatorischen Gr\u00fcnden nicht stattfinden kann. Diese Entscheidung ist uns alles andere als leicht gefallen und genau deshalb wenden wir uns heute ganz offen und ehrlich an euch.<\/p>\n\n\n\n<p>Die Wahrheit ist: Wir brauchen dringend Unterst\u00fctzung in der Organisation.<br>Ohne neue engagierte Mitglieder im Orga-Team ist es uns aktuell nicht m\u00f6glich, die LoriCon in der Qualit\u00e4t und mit der Liebe umzusetzen, die sie verdient.<\/p>\n\n\n\n<p>Doch das ist kein Abschied \u2013 sondern ein dringender Aufruf.<br>Wir m\u00f6chten dieses zus\u00e4tzliche Jahr nutzen, um die LoriCon neu zu denken, frische Ideen zu sammeln und eine stabile Basis f\u00fcr die Zukunft zu schaffen. Aber das schaffen wir nicht alleine.<\/p>\n\n\n\n<p>Wenn euch die LoriCon am Herzen liegt, wenn ihr wollt, dass sie zur\u00fcckkommt &#8211; gr\u00f6\u00dfer, besser und unvergesslicher, dann brauchen wir euch jetzt.<\/p>\n\n\n\n<p>Meldet euch dringend bei uns unter team@loricon.tirol und werdet Teil des Orga-Teams. Alleine oder als gemeinsame Freundesgruppe! Gemeinsam k\u00f6nnen wir entscheiden, wie die LoriCon von morgen aussehen wird.<\/p>\n\n\n\n<p>Unsere Vision ist klar:<br>Wenn die LoriCon zur\u00fcckkommt, dann st\u00e4rker, liebevoller organisiert und mit einer Community, die zusammenh\u00e4lt.<\/p>\n\n\n\n<p>Bis dahin bleibt gesund, lebt eure Leidenschaft f\u00fcr Anime, Manga, Gaming und Japan weiter und vergesst nicht: Gro\u00dfe Dinge entstehen nur, wenn viele Menschen gemeinsam an sie glauben. Ja mata ne!<\/p>\n\n\n\n<p>#LoriCon #AnimeConvention #MangaCon #GamingCommunity #JapanKultur #ConventionLove #ConPause #TeamGesucht #WirBrauchenEuch<\/p>\n\n\n\n<hr class=\"wp-block-separator has-alpha-channel-opacity\"\/>\n","protected":false},"excerpt":{"rendered":"<p>Liebe LoriCon-Familie,schweren Herzens m\u00fcssen wir euch mitteilen, dass die LoriCon 2026 aus organisatorischen Gr\u00fcnden nicht stattfinden kann. Diese Entscheidung ist uns alles andere als leicht gefallen und genau deshalb wenden wir uns heute ganz offen und ehrlich an euch. Die Wahrheit ist: Wir brauchen dringend Unterst\u00fctzung in der Organisation.Ohne neue engagierte Mitglieder im Orga-Team ist&hellip; <a href=\"https:\/\/www.loricon.tirol\/\" class=\"more-link\">Weiterlesen <span class=\"screen-reader-text\">LoriCon \u3078\u3088\u3046\u3053\u305d! Willkommen bei der LoriCon!<\/span><\/a><\/p>\n","protected":false},"author":3,"featured_media":0,"parent":0,"menu_order":0,"comment_status":"closed","ping_status":"closed","template":"","meta":{"jetpack_post_was_ever_published":false,"footnotes":""},"tags":[],"wf_page_folders":[169],"class_list":["post-5545","page","type-page","status-publish","hentry","without-featured-image"],"jetpack_sharing_enabled":true,"jetpack_shortlink":"https:\/\/wp.me\/P9bZv5-1rr","jetpack_likes_enabled":true,"jetpack-related-posts":[],"_links":{"self":[{"href":"https:\/\/www.loricon.tirol\/index.php\/wp-json\/wp\/v2\/pages\/5545"}],"collection":[{"href":"https:\/\/www.loricon.tirol\/index.php\/wp-json\/wp\/v2\/pages"}],"about":[{"href":"https:\/\/www.loricon.tirol\/index.php\/wp-json\/wp\/v2\/types\/page"}],"author":[{"embeddable":true,"href":"https:\/\/www.loricon.tirol\/index.php\/wp-json\/wp\/v2\/users\/3"}],"replies":[{"embeddable":true,"href":"https:\/\/www.loricon.tirol\/index.php\/wp-json\/wp\/v2\/comments?post=5545"}],"version-history":[{"count":29,"href":"https:\/\/www.loricon.tirol\/index.php\/wp-json\/wp\/v2\/pages\/5545\/revisions"}],"predecessor-version":[{"id":7083,"href":"https:\/\/www.loricon.tirol\/index.php\/wp-json\/wp\/v2\/pages\/5545\/revisions\/7083"}],"wp:attachment":[{"href":"https:\/\/www.loricon.tirol\/index.php\/wp-json\/wp\/v2\/media?parent=5545"}],"wp:term":[{"taxonomy":"post_tag","embeddable":true,"href":"https:\/\/www.loricon.tirol\/index.php\/wp-json\/wp\/v2\/tags?post=5545"},{"taxonomy":"wf_page_folders","embeddable":true,"href":"https:\/\/www.loricon.tirol\/index.php\/wp-json\/wp\/v2\/wf_page_folders?post=5545"}],"curies":[{"name":"wp","href":"https:\/\/api.w.org\/{rel}","templated":true}]}}